er when 13945503 is divided by 557817.
78
Calculate the remainder when 179008 is divided by 2170.
1068
Calculate the remainder when 27280295 is divided by 9093403.
86
Calculate the remainder when 7384495 is divided by 7384492.
3
What is the remainder when 40425234 is divided by 40425220?
14
What is the remainder when 9239435 is divided by 167?
160
Calculate the remainder when 360845 is divided by 72159.
50
What is the remainder when 4482969 is divided by 2569?
64
Calculate the remainder when 796367145 is divided by 1623.
1620
Calculate the remainder when 17227887 is divided by 6764.
6743
What is the remainder when 5300522 is divided by 31?
18
What is the remainder when 1298573 is divided by 7200?
2573
What is the remainder when 8451635 is divided by 47481?
17
Calculate the remainder when 1204828 is divided by 890.
658
What is the remainder when 28294927 is divided by 1917?
7
What is the remainder when 245515 is divided by 164?
7
What is the remainder when 1353319053 is divided by 8714?
8711
What is the remainder when 2098083 is divided by 38853?
21
Calculate the remainder when 15450769 is divided by 145.
4
Calculate the remainder when 19096 is divided by 3802.
86
What is the remainder when 2927332 is divided by 292?
32
What is the remainder when 728501 is divided by 8?
5
Calculate the remainder when 632212 is divided by 39513.
4
Calculate the remainder when 373607 is divided by 21970.
117
Calculate the remainder when 95034 is divided by 55.
49
Calculate the remainder when 44797 is divided by 34003.
10794
Calculate the remainder when 325445532 is divided by 6727.
6726
What is the remainder when 76270961 is divided by 2630033?
4
What is the remainder when 104847 is divided by 524?
47
What is the remainder when 12794456 is divided by 6397223?
10
Calculate the remainder when 433627 is divided by 941.
767
Calculate the remainder when 9856167 is divided by 103.
97
Calculate the remainder when 209186 is divided by 209177.
9
What is the remainder when 1474979 is divided by 3035?
3004
What is the remainder when 33792783 is divided by 86?
29
Calculate the remainder when 80279 is divided by 6679.
131
Calculate the remainder when 159074640 is divided by 11362474.
4
What is the remainder when 53018 is divided by 7330?
1708
What is the remainder when 243702 is divided by 645?
537
What is the remainder when 504521 is divided by 126128?
9
What is the remainder when 461133 is divided by 461086?
47
Calculate the remainder when 28308 is divided by 705.
108
Calculate the remainder when 7225366 is divided by 197.
194
Calculate the remainder when 350265 is divided by 1229.
0
What is the remainder when 46223963 is divided by 113294?
11
Calculate the remainder when 1529091193 is divided by 6015.
6013
What is the remainder when 31902496 is divided by 4248?
16
Calculate the remainder when 742091 is divided by 319.
97
Calculate the remainder when 76431371 is divided by 3926.
3
Calculate the remainder when 207534 is divided by 101098.
5338
Calculate the remainder when 24308300 is divided by 107085.
5
Calculate the remainder when 4956646 is divided by 354045.
16
Calculate the remainder when 43113 is divided by 2873.
18
What is the remainder when 84071668 is divided by 2005?
13
Calculate the remainder when 1823241 is divided by 1107.
12
Calculate the remainder when 197123 is divided by 65664.
131
What is the remainder when 334153492 is divided by 34?
30
Calculate the remainder when 202638346 is divided by 1333147.
2
Calculate the remainder when 66461 is divided by 21527.
1880
Calculate the remainder when 4847368 is divided by 5018.
4998
What is the remainder when 40185394 is divided by 217?
32
What is the remainder when 11772208 is divided by 187?
184
What is the remainder when 78157 is divided by 19533?
25
Calculate the remainder when 1583039 is divided by 51065.
24
Calculate the remainder when 7662171 is divided by 1532407.
136
Calculate the remainder when 310025 is divided by 153.
47
What is the remainder when 1864275 is divided by 257?
254
Calculate the remainder when 3707261 is divided by 401.
16
What is the remainder when 2005176 is divided by 668391?
3
What is the remainder when 11150056 is divided by 132?
16
Calculate the remainder when 1412687 is divided by 141266.
27
What is the remainder when 32993 is divided by 727?
278
Calculate the remainder when 111836 is divided by 15808.
1180
What is the remainder when 169816438 is divided by 146?
42
Calculate the remainder when 5352065 is divided by 1721.
1476
What is the remainder when 4696389 is divided by 4720?
4709
Calculate the remainder when 15692 is divided by 2948.
952
Calculate the remainder when 108471 is divided by 108460.
11
Calculate the remainder when 261320 is divided by 3045.
2495
What is the remainder when 4577 is divided by 3415?
1162
Calculate the remainder when 37274007 is divided by 186370.
7
What is the remainder when 2591 is divided by 156?
95
What is the remainder when 297151 is divided by 274?
135
What is the remainder when 131179 is divided by 182?
139
Calculate the remainder when 12093238 is divided by 4847.
4820
What is the remainder when 349878 is divided by 1090?
1078
Calculate the remainder when 546598 is divided by 272784.
1030
What is the remainder when 260305 is divided by 597?
13
What is the remainder when 30001 is divided by 29188?
813
Calculate the remainder when 91360 is divided by 2643.
1498
What is the remainder when 466805 is divided by 727?
71
What is the remainder when 2614074 is divided by 380?
54
What is the remainder when 19196033 is divided by 1966?
9
What is the remainder when 1790430 is divided by 2094?
60
What is the remainder when 11110944 is divided by 142448?
0
Calculate the remainder when 977589 is divided by 17127.
1350
Calculate the remainder when 38708 is divided by 38498.
210
Calculate the remainder when 82366542 is divided by 820.
2
Calculate the remainder when 365246 is divided by 51799.
2653
What is the remainder when 23810567 is divided by 20?
7
Calculate the remainder when 20624991 is divided by 98684.
35
Calculate the remainder when 7877106 is divided by 3938532.
42
Calculate the remainder when 292335 is divided by 956.
755
What is the remainder when 6417701 is divided by 267403?
29
Calculate the remainder when 5469515 is divided by 2734654.
207
What is the remainder when 71984600 is divided by 30?
20
What is the remainder when 1137266 is divided by 23?
8
What is the remainder when 122142 is divided by 1500?
642
Calculate the remainder when 3325148 is divided by 475017.
29
What is the remainder when 771261 is divided by 6535?
131
What is the remainder when 1243023 is divided by 14638?
13431
What is the remainder when 80587 is divided by 13380?
307
Calculate the remainder when 11932 is divided by 5103.
1726
What is the remainder when 798744 is divided by 266232?
48
Calculate the remainder when 63621 is divided by 1327.
1252
Calculate the remainder when 3168479 is divided by 40.
39
Calculate the remainder when 994332 is divided by 267.
24
What is the remainder when 158290 is divided by 1986?
1396
What is the remainder when 32861030 is divided by 74?
72
Calculate the remainder when 113622 is divided by 2911.
93
What is the remainder when 17919063 is divided by 4393?
16
Calculate the remainder when 2526809 is divided by 777.
5
What is the remainder when 18006076 is divided by 303?
301
What is the remainder when 528784 is divided by 6527?
97
What is the remainder when 11541261 is divided by 84?
81
What is the remainder when 22299284 is divided by 646?
10
What is the remainder when 110591 is divided by 10?
1
Calculate the remainder when 6192 is divided by 6052.
140
Calculate the remainder when 71378 is divided by 23075.
2153
What is the remainder when 18131281 is divided by 1651?
1650
Calculate the remainder when 19724 is divided by 12.
8
What is the remainder when 1336890 is divided by 3206?
3194
Calculate the remainder when 1416640 is divided by 673.
648
What is the remainder when 742931 is divided by 123809?
77
What is the remainder when 6016912 is divided by 210?
202
Calculate the remainder when 58935127 is divided by 11787023.
12
Calculate the remainder when 12717 is divided by 4166.
219
Calculate the remainder when 375738 is divided by 62616.
42
What is 